. Suppose -4*a - 1 = 3. Let v(l) = 19*l**2 + 2*l + 1. Let n be v(a). What is the greatest common factor of t and n?
9
Let c be ((-33)/(-4))/(175/160 + -1). Calculate the greatest common divisor of 8 and c.
8
Let a be 87 - (-3)/(3/1). What is the highest common divisor of 11 and a?
11
Let c be (2 + -12)/(-2) - 3. Let z be 4*((2 - c) + 8). Calculate the greatest common divisor of z and 4.
4
Let w be ((-84)/5)/(-7) - (-4)/(-10). Calculate the highest common divisor of 4 and w.
2
Let w = 26 + -14. Suppose -5*c - 6*k + 3*k = -12, 3*c - w = 3*k. What is the highest common divisor of 3 and c?
3
Suppose -b + 3*b = 10. Let f = -105 - -241. Suppose 5*u - 13 = -3*s + 215, 3*u - f = -s. Calculate the greatest common divisor of b and u.
5
Suppose 1 = -t + 2. Let q be t*-2*6/4. Let c be (-4)/6*q/1. Calculate the highest common divisor of c and 14.
2
Let f(x) = -7*x + 1. Let o be f(1). Let m be (4/o)/((-4)/96). What is the greatest common divisor of m and 48?
16
Suppose -3*u = -0*u. Let v(f) = f**3 - f + 32. Let x be v(u). Suppose -3*m + 32 = m. Calculate the greatest common divisor of x and m.
8
Suppose -5 = -2*b + 9. Let n be 4/18 - 668/9. Let k = -11 - n. What is the greatest common factor of b and k?
7
Let x = -10 - -38. Let r be 10/45 + (-124)/(-9). What is the highest common divisor of r and x?
14
Suppose 4*m = m - 5*b + 64, -3*m - b + 44 = 0. Calculate the highest common divisor of 26 and m.
13
Suppose 2*k + p - 285 = 0, p - 6*p = -2*k + 303. What is the highest common factor of k and 18?
18
Let d(k) = 24*k - 4. Let a be d(1). What is the highest common divisor of 40 and a?
20
Let g = -15 - -27. Let w be 24/(g/3)*8. Calculate the greatest common divisor of 12 and w.
12
Let y be (-2 - -4) + 3*8/6. What is the highest common divisor of y and 6?
6
Let t be (-236)/(-16) - 6/8. What is the greatest common factor of t and 21?
7
Suppose -3*u + 1 = -20. What is the greatest common factor of 7 and u?
7
Suppose -9 = 2*z + 1. Let v = z - -11. What is the highest common divisor of v and 66?
6
Suppose 2*a - 500 = -3*a. Suppose c + c = a. Calculate the highest common divisor of c and 20.
10
Let n(a) = -a**3 - 7*a**2 - 7*a - 1. Let d be n(-7). What is the greatest common divisor of d and 32?
16
Suppose -16 - 44 = 4*x. Let f = x - -51. Suppose -3*c = -3*s - f, -4*c + 3*s + 56 = c. What is the highest common divisor of 20 and c?
10
Let y(k) = k**2 + 3*k - 4. Let g be y(-5). Let t(v) = -v**3 + 7*v**2 - 6*v. Let b be t(4). Calculate the highest common divisor of b and g.
6
Let v = 25 - 18. Calculate the highest common divisor of v and 56.
7
Let x(l) = l**2 + 8*l + 5. Let j be x(-9). What is the greatest common factor of j and 14?
14
Suppose 5*k - 5*j = 345, -3*k + 0*k + j + 197 = 0. Suppose l - 18 - 48 = -4*i, -5*i + 5*l = -70. Calculate the highest common factor of k and i.
16
Let s(q) = 13*q**3 - 2*q**2 + 1. Let y be s(1). Suppose 0 = -16*g + 15*g + 6. What is the greatest common factor of y and g?
6
Suppose -2*f = -4*f + 18. What is the greatest common factor of f and 9?
9
Let w be (3/(-2))/(6/8). Let q(v) = v**2 + v - 3. Let g be q(-4). Let d be (-164)/(-9) + w/g. What is the greatest common factor of 6 and d?
6
Let n = 38 - 31. Suppose x = -0*y + 3*y - 68, -2*y = -x - 47. Calculate the greatest common factor of y and n.
7
Let r be -2*((-5)/2 - -1). Suppose 2*c = -r*p - 2, 2*p + 3*c + 2*c + 16 = 0. Let w = p + 0. What is the greatest common divisor of w and 3?
1
Let c = 13 + -12. Suppose 2*d + 19 = -5*g, 2*d - 5 = 3*g - 0*g. Let r(m) = 3*m**2 + 3*m + 2. Let o be r(d). What is the highest common factor of c and o?
1
Let g = 29 + -19. What is the highest common factor of 10 and g?
10
Let x(v) = v**3 + v**2 + 4. Let i(h) = h**2 - 3*h - 7. Let l be i(5). Let b be x(l). What is the highest common divisor of 10 and b?
10
Let o = 86 - 45. What is the highest common factor of o and 246?
41
Let f(x) = -x**3 + x**2 + 2*x + 3. Let a be f(-3). Let g be 13/3 - 6/(-9). Suppose -h + g*h = 88. What is the greatest common divisor of a and h?
11
Let n(o) = 4*o - 1. Let g = -18 + 11. Let y be n(g). Let r = 84 + y. What is the highest common factor of r and 11?
11
Let l = 3 + -1. Let q be l*(54/4)/3. What is the greatest common divisor of 45 and q?
9
Suppose -2*v - 5 = -3*v. Let m = -350 + 385. Calculate the highest common factor of m and v.
5
Let y(x) = -62*x**3 + 2*x**2 - 4*x + 2. Let j be y(2). Let c = j + 692. Suppose n = 2*n - 18. Calculate the highest common divisor of n and c.
18
Suppose -558 = -4*m + 338. Calculate the greatest common factor of 32 and m.
32
Let g = -1 + 4. Let x be 1*g*(-2)/(-3). Suppose x*i - 3*u = -0*i + 196, i - 124 = -5*u. What is the highest common divisor of i and 13?
13
Suppose -5*u - 56 + 311 = 0. Let q = u - 19. Let w = -6 + 10. Calculate the greatest common factor of w and q.
4
Suppose 18 = -2*n + 3*n. Calculate the highest common factor of 162 and n.
18
Let z(a) = -2*a - 16. Let m be z(-12). Calculate the highest common divisor of 40 and m.
8
Suppose 0 = 2*o - 4*o. Suppose -y + 14 = -o*y. Suppose -2*h + 5*h + 9 = 0, 2*h = n - 76. What is the highest common divisor of n and y?
14
Suppose 0 + 6 = 3*p - 3*s, -3*p = -s - 4. Let b be (6/2)/p - -1. What is the greatest common factor of 4 and b?
4
Let c = 60 - 38. Calculate the highest common factor of c and 110.
22
Let v be 16 + 1/((-2)/(-4)). What is the highest common factor of 45 and v?
9
Suppose 5*u + 4*d = 267, 3*u - 19 = d + 148. Suppose -2*f + 2*z + 42 = 0, 3*f + 3*z = -z + 70. What is the highest common divisor of u and f?
11
Let y = 15 - 7. Calculate the highest common divisor of y and 72.
8
Let d = 21 + -15. What is the greatest common factor of d and 18?
6
Suppose -r - 4 = 0, 2*y - 6*r - 80 = -2*r. Calculate the greatest common factor of 288 and y.
32
Let l = 7 - 6. Suppose 0*w - 5*w = -20. Let r be (w + -9)/(1*-1). Calculate the highest common divisor of l and r.
1
Let o be 4/(-4)*3 - -9. Calculate the highest common factor of 2 and o.
2
Suppose 123 = 5*h - 702. What is the highest common factor of h and 15?
15
Let m be 4/(-14) - 74/(-14). Let x(u) = u**2 + 12*u - 4. Let t be x(-13). Suppose t*y - 8*y - 10 = 0. Calculate the highest common factor of y and m.
5
Let i = 7 - 3. Let r be (i/(-12))/(1/(-21)). What is the highest common factor of 28 and r?
7
Let a be -1*(-2 - -51) + -2. Let n = 93 + a. Suppose 5*k - 252 = k. What is the highest common factor of k and n?
21
Let b = -173 + 123. Let l = b - -190. What is the greatest common factor of 20 and l?
20
Suppose -2*g = t + t - 38, 5*g - 63 = 3*t. Suppose 3*w - 9*w + 60 = 0. What is the highest common factor of g and w?
5
Let s be -5*(-2)/(1*20/76). What is the greatest common divisor of 19 and s?
19
Let o(s) = 34*s**2 + 2*s. Let w be o(-2). Suppose -2*q + 2*z - 5*z = -33, -63 = -4*q - 5*z. What is the highest common divisor of q and w?
12
Suppose 3*u + b = 2*b + 41, 0 = 3*u - 5*b - 61. Calculate the greatest common divisor of 30 and u.
6
Suppose 3*x = 91 - 19. What is the greatest common divisor of 6 and x?
6
Suppose 2*d - t - 9 = -0*t, -5*t = 15. Suppose -s + 2*b = -2, 0 = -s - s + d*b + 8. Calculate the highest common divisor of s and 10.
10
Let u = -95 + 25. Let p be (-6)/(-18) - u/6. What is the highest common divisor of p and 132?
12
Suppose -3*l - 8 = -7*l. Calculate the highest common divisor of l and 2.
2
Suppose o - 40 = -o. Suppose 3*x + z = 21, 2*z = -2*x - 2 + o. Let t(s) = -s + 8. Let f be t(x). Calculate the highest common factor of 1 and f.
1
Let k = 2 + 16. What is the highest common divisor of k and 144?
18
Let g = -10 + 13. Suppose -5*p + z = -40, -g*p - 5*z + 6 = -18. Calculate the highest common divisor of p and 1.
1
Let l be 2518/9 + (-2)/(-9). Suppose 8*i - l = 3*i. Calculate the highest common factor of i and 8.
8
Suppose -37 = -2*u - 3*d + 5, d = u - 16. What is the greatest common divisor of 6 and u?
6
Let u be 13/(195/140)*9. Calculate the greatest common factor of 12 and u.
12
Let r be (-4)/8*(0 + -14). Let d(x) = 3. Let p(w) = w - 3. Let q(m) = 6*d(m) + 5*p(m). Let l be q(r). What is the highest common factor of l and 19?
19
Let a = 7 + 2. Let b be (-5 - -2)/a*-12. What is the greatest common factor of 36 and b?
4
Let c = -87 + 132. Let b(g) = 2*g**2 + 6*g - 5. Let m be b(-5). Calculate the highest common factor